{"id":2446,"date":"2025-06-27T15:33:05","date_gmt":"2025-06-27T13:33:05","guid":{"rendered":"https:\/\/www.pohl-optik.de\/?page_id=2446"},"modified":"2026-02-12T10:26:33","modified_gmt":"2026-02-12T09:26:33","slug":"barrierefreiheitserklaerung","status":"publish","type":"page","link":"https:\/\/www.pohl-optik.de\/index.php\/barrierefreiheitserklaerung\/","title":{"rendered":"Barrierefreiheitserkl\u00e4rung"},"content":{"rendered":"<div class=\"fusion-fullwidth fullwidth-box fusion-builder-row-1 fusion-flex-container has-pattern-background has-mask-background nonhundred-percent-fullwidth non-hundred-percent-height-scrolling\" style=\"--awb-border-radius-top-left:0px;--awb-border-radius-top-right:0px;--awb-border-radius-bottom-right:0px;--awb-border-radius-bottom-left:0px;--awb-padding-top:100px;--awb-flex-wrap:wrap;\" ><div class=\"fusion-builder-row fusion-row fusion-flex-align-items-flex-start fusion-flex-content-wrap\" style=\"max-width:1216.8px;margin-left: calc(-4% \/ 2 );margin-right: calc(-4% \/ 2 );\"><div class=\"fusion-layout-column fusion_builder_column fusion-builder-column-0 fusion_builder_column_1_1 1_1 fusion-flex-column\" style=\"--awb-bg-size:cover;--awb-width-large:100%;--awb-margin-top-large:0px;--awb-spacing-right-large:1.92%;--awb-margin-bottom-large:0px;--awb-spacing-left-large:1.92%;--awb-width-medium:100%;--awb-order-medium:0;--awb-spacing-right-medium:1.92%;--awb-spacing-left-medium:1.92%;--awb-width-small:100%;--awb-order-small:0;--awb-spacing-right-small:1.92%;--awb-spacing-left-small:1.92%;\"><div class=\"fusion-column-wrapper fusion-column-has-shadow fusion-flex-justify-content-flex-start fusion-content-layout-column\"><div class=\"fusion-text fusion-text-1\"><h2 style=\"text-align: center;\">Erkl\u00e4rung zur Barrierefreiheit f\u00fcr Dienstleistungen<\/h2>\n<\/div><div class=\"fusion-separator fusion-full-width-sep\" style=\"align-self: center;margin-left: auto;margin-right: auto;width:100%;\"><div class=\"fusion-separator-border sep-single sep-solid\" style=\"--awb-height:20px;--awb-amount:20px;border-color:#eae8e8;border-top-width:2px;\"><\/div><\/div><div class=\"fusion-text fusion-text-2\"><p>Im Rahmen unserer Barrierefreiheitserkl\u00e4rung m\u00f6chten wir Ihnen einen \u00dcberblick \u00fcber den Stand der Vereinbarkeit der unten beschriebenen Dienstleistung(en) mit den Anforderungen der Barrierefreiheit nach gesetzlichen Vorschriften (insbesondere mit dem Barrierefreiheitsst\u00e4rkungsgesetz \u2013 BFSG) geben.<\/p>\n<h2>Angaben zum Dienstleistungserbringer<\/h2>\n<p>Pohl OHG<br \/>\nRingstrasse 17<br \/>\n84347 Pfarrkirchen<br \/>\nBayern<\/p>\n<h2>Allgemeine Beschreibung der Dienstleistung<\/h2>\n<p>Bereitstellung von Informationen zu Augenoptik und H\u00f6rakustik sowie Kontaktaufnahme \u00fcber unsere Website www.pohl-optik.de f\u00fcr unser Gesch\u00e4ft in Pfarrkirchen, Bayern.<\/p>\n<h2>Erl\u00e4uterungen zur Durchf\u00fchrung der Dienstleistung<\/h2>\n<p>\u00dcber unsere Website www.pohl-optik.de informieren wir \u00fcber unsere Leistungen in den Bereichen Augenoptik und H\u00f6rakustik. Sie k\u00f6nnen sich \u00fcber unsere Brillen-, Kontaktlinsen- und H\u00f6rger\u00e4teangebote sowie \u00fcber unsere Serviceleistungen in Pfarrkirchen informieren. Au\u00dferdem finden Sie auf der Website unsere Kontaktdaten, \u00d6ffnungszeiten und ein Kontaktformular, \u00fcber das Sie direkt mit uns in Verbindung treten k\u00f6nnen.<\/p>\n<h2>Stand der Vereinbarkeit mit den Anforderungen<\/h2>\n<p>Die oben genannte Dienstleistung ist vollst\u00e4ndig mit dem Barrierefreiheitsst\u00e4rkungsgesetz (BFSG) vereinbar.<\/p>\n<h2>Erstellung der Barrierefreiheitserkl\u00e4rung<\/h2>\n<p>Datum der Erstellung der Barrierefreiheitserkl\u00e4rung: 26.06.2025<br \/>\nDatum der letzten \u00dcberpr\u00fcfung der o. g. Leistungen hinsichtlich der Anforderungen zur Barrierefreiheit: 26.06.2025<\/p>\n<h2>Einsch\u00e4tzung zum Stand der Barrierefreiheit<\/h2>\n<p>Die Einsch\u00e4tzung zum Stand der Barrierefreiheit beruht auf unserer Selbsteinsch\u00e4tzung.<\/p>\n<h2>Feedbackm\u00f6glichkeit und Kontaktangaben<\/h2>\n<p>Adresse:<br \/>\nRingstra\u00dfe 17<br \/>\n84347 Pfarrkirchen<\/p>\n<p>E-Mail: info@pohl-optik.de<\/p>\n<p>Telefon: 08561\/6184<\/p>\n<p>Link zur Website: <a href=\"https:\/\/www.pohl-optik.de\">https:\/\/www.pohl-optik.de<\/a><\/p>\n<\/div><\/div><\/div><\/div><\/div>\n","protected":false},"excerpt":{"rendered":"","protected":false},"author":1,"featured_media":0,"parent":0,"menu_order":0,"comment_status":"closed","ping_status":"closed","template":"","meta":{"footnotes":""},"class_list":["post-2446","page","type-page","status-publish","hentry"],"yoast_head":"<!-- This site is optimized with the Yoast SEO plugin v26.8 - https:\/\/yoast.com\/product\/yoast-seo-wordpress\/ -->\n<title>Barrierefreiheitserkl\u00e4rung - Pohl Optik und H\u00f6rakustik<\/title>\n<meta name=\"robots\" content=\"index, follow, max-snippet:-1, max-image-preview:large, max-video-preview:-1\" \/>\n<link rel=\"canonical\" href=\"https:\/\/www.pohl-optik.de\/index.php\/barrierefreiheitserklaerung\/\" \/>\n<meta property=\"og:locale\" content=\"de_DE\" \/>\n<meta property=\"og:type\" content=\"article\" \/>\n<meta property=\"og:title\" content=\"Barrierefreiheitserkl\u00e4rung - Pohl Optik und H\u00f6rakustik\" \/>\n<meta property=\"og:url\" content=\"https:\/\/www.pohl-optik.de\/index.php\/barrierefreiheitserklaerung\/\" \/>\n<meta property=\"og:site_name\" content=\"Pohl Optik und H\u00f6rakustik\" \/>\n<meta property=\"article:modified_time\" content=\"2026-02-12T09:26:33+00:00\" \/>\n<meta name=\"twitter:card\" content=\"summary_large_image\" \/>\n<meta name=\"twitter:label1\" content=\"Gesch\u00e4tzte Lesezeit\" \/>\n\t<meta name=\"twitter:data1\" content=\"2\u00a0Minuten\" \/>\n<script type=\"application\/ld+json\" class=\"yoast-schema-graph\">{\"@context\":\"https:\/\/schema.org\",\"@graph\":[{\"@type\":\"WebPage\",\"@id\":\"https:\/\/www.pohl-optik.de\/index.php\/barrierefreiheitserklaerung\/\",\"url\":\"https:\/\/www.pohl-optik.de\/index.php\/barrierefreiheitserklaerung\/\",\"name\":\"Barrierefreiheitserkl\u00e4rung - Pohl Optik und H\u00f6rakustik\",\"isPartOf\":{\"@id\":\"https:\/\/www.pohl-optik.de\/#website\"},\"datePublished\":\"2025-06-27T13:33:05+00:00\",\"dateModified\":\"2026-02-12T09:26:33+00:00\",\"breadcrumb\":{\"@id\":\"https:\/\/www.pohl-optik.de\/index.php\/barrierefreiheitserklaerung\/#breadcrumb\"},\"inLanguage\":\"de\",\"potentialAction\":[{\"@type\":\"ReadAction\",\"target\":[\"https:\/\/www.pohl-optik.de\/index.php\/barrierefreiheitserklaerung\/\"]}]},{\"@type\":\"BreadcrumbList\",\"@id\":\"https:\/\/www.pohl-optik.de\/index.php\/barrierefreiheitserklaerung\/#breadcrumb\",\"itemListElement\":[{\"@type\":\"ListItem\",\"position\":1,\"name\":\"Home\",\"item\":\"https:\/\/www.pohl-optik.de\/\"},{\"@type\":\"ListItem\",\"position\":2,\"name\":\"Barrierefreiheitserkl\u00e4rung\"}]},{\"@type\":\"WebSite\",\"@id\":\"https:\/\/www.pohl-optik.de\/#website\",\"url\":\"https:\/\/www.pohl-optik.de\/\",\"name\":\"Pohl Optik und H\u00f6rakustik\",\"description\":\"Optiker und H\u00f6rger\u00e4te in Pfarrkirchen und Simbach am Inn\",\"potentialAction\":[{\"@type\":\"SearchAction\",\"target\":{\"@type\":\"EntryPoint\",\"urlTemplate\":\"https:\/\/www.pohl-optik.de\/?s={search_term_string}\"},\"query-input\":{\"@type\":\"PropertyValueSpecification\",\"valueRequired\":true,\"valueName\":\"search_term_string\"}}],\"inLanguage\":\"de\"}]}<\/script>\n<!-- \/ Yoast SEO plugin. -->","yoast_head_json":{"title":"Barrierefreiheitserkl\u00e4rung - Pohl Optik und H\u00f6rakustik","robots":{"index":"index","follow":"follow","max-snippet":"max-snippet:-1","max-image-preview":"max-image-preview:large","max-video-preview":"max-video-preview:-1"},"canonical":"https:\/\/www.pohl-optik.de\/index.php\/barrierefreiheitserklaerung\/","og_locale":"de_DE","og_type":"article","og_title":"Barrierefreiheitserkl\u00e4rung - Pohl Optik und H\u00f6rakustik","og_url":"https:\/\/www.pohl-optik.de\/index.php\/barrierefreiheitserklaerung\/","og_site_name":"Pohl Optik und H\u00f6rakustik","article_modified_time":"2026-02-12T09:26:33+00:00","twitter_card":"summary_large_image","twitter_misc":{"Gesch\u00e4tzte Lesezeit":"2\u00a0Minuten"},"schema":{"@context":"https:\/\/schema.org","@graph":[{"@type":"WebPage","@id":"https:\/\/www.pohl-optik.de\/index.php\/barrierefreiheitserklaerung\/","url":"https:\/\/www.pohl-optik.de\/index.php\/barrierefreiheitserklaerung\/","name":"Barrierefreiheitserkl\u00e4rung - Pohl Optik und H\u00f6rakustik","isPartOf":{"@id":"https:\/\/www.pohl-optik.de\/#website"},"datePublished":"2025-06-27T13:33:05+00:00","dateModified":"2026-02-12T09:26:33+00:00","breadcrumb":{"@id":"https:\/\/www.pohl-optik.de\/index.php\/barrierefreiheitserklaerung\/#breadcrumb"},"inLanguage":"de","potentialAction":[{"@type":"ReadAction","target":["https:\/\/www.pohl-optik.de\/index.php\/barrierefreiheitserklaerung\/"]}]},{"@type":"BreadcrumbList","@id":"https:\/\/www.pohl-optik.de\/index.php\/barrierefreiheitserklaerung\/#breadcrumb","itemListElement":[{"@type":"ListItem","position":1,"name":"Home","item":"https:\/\/www.pohl-optik.de\/"},{"@type":"ListItem","position":2,"name":"Barrierefreiheitserkl\u00e4rung"}]},{"@type":"WebSite","@id":"https:\/\/www.pohl-optik.de\/#website","url":"https:\/\/www.pohl-optik.de\/","name":"Pohl Optik und H\u00f6rakustik","description":"Optiker und H\u00f6rger\u00e4te in Pfarrkirchen und Simbach am Inn","potentialAction":[{"@type":"SearchAction","target":{"@type":"EntryPoint","urlTemplate":"https:\/\/www.pohl-optik.de\/?s={search_term_string}"},"query-input":{"@type":"PropertyValueSpecification","valueRequired":true,"valueName":"search_term_string"}}],"inLanguage":"de"}]}},"_links":{"self":[{"href":"https:\/\/www.pohl-optik.de\/index.php\/wp-json\/wp\/v2\/pages\/2446","targetHints":{"allow":["GET"]}}],"collection":[{"href":"https:\/\/www.pohl-optik.de\/index.php\/wp-json\/wp\/v2\/pages"}],"about":[{"href":"https:\/\/www.pohl-optik.de\/index.php\/wp-json\/wp\/v2\/types\/page"}],"author":[{"embeddable":true,"href":"https:\/\/www.pohl-optik.de\/index.php\/wp-json\/wp\/v2\/users\/1"}],"replies":[{"embeddable":true,"href":"https:\/\/www.pohl-optik.de\/index.php\/wp-json\/wp\/v2\/comments?post=2446"}],"version-history":[{"count":5,"href":"https:\/\/www.pohl-optik.de\/index.php\/wp-json\/wp\/v2\/pages\/2446\/revisions"}],"predecessor-version":[{"id":2505,"href":"https:\/\/www.pohl-optik.de\/index.php\/wp-json\/wp\/v2\/pages\/2446\/revisions\/2505"}],"wp:attachment":[{"href":"https:\/\/www.pohl-optik.de\/index.php\/wp-json\/wp\/v2\/media?parent=2446"}],"curies":[{"name":"wp","href":"https:\/\/api.w.org\/{rel}","templated":true}]}}

Barrierefreiheitserklärung

<div class="fusion-fullwidth fullwidth-box fusion-builder-row-1 fusion-flex-container has-pattern-background has-mask-background nonhundred-percent-fullwidth non-hundred-percent-height-scrolling" style="--awb-border-radius-top-left:0px;--awb-border-radius-top-right:0px;--awb-border-radius-bottom-right:0px;--awb-border-radius-bottom-left:0px;--awb-padding-top:100px;--awb-flex-wrap:wrap;" ><div class="fusion-builder-row fusion-row fusion-flex-align-items-flex-start fusion-flex-content-wrap" style="max-width:1216.8px;margin-left: calc(-4% / 2 );margin-right: calc(-4% / 2 );"><div class="fusion-layout-column fusion_builder_column fusion-builder-column-0 fusion_builder_column_1_1 1_1 fusion-flex-column" style="--awb-bg-size:cover;--awb-width-large:100%;--awb-margin-top-large:0px;--awb-spacing-right-large:1.92%;--awb-margin-bottom-large:0px;--awb-spacing-left-large:1.92%;--awb-width-medium:100%;--awb-order-medium:0;--awb-spacing-right-medium:1.92%;--awb-spacing-left-medium:1.92%;--awb-width-small:100%;--awb-order-small:0;--awb-spacing-right-small:1.92%;--awb-spacing-left-small:1.92%;"><div class="fusion-column-wrapper fusion-column-has-shadow fusion-flex-justify-content-flex-start fusion-content-layout-column"><div class="fusion-text fusion-text-1"><h2 style="text-align: center;">Erklärung zur Barrierefreiheit für Dienstleistungen</h2>
</div><div class="fusion-separator fusion-full-width-sep" style="align-self: center;margin-left: auto;margin-right: auto;width:100%;"><div class="fusion-separator-border sep-single sep-solid" style="--awb-height:20px;--awb-amount:20px;border-color:#eae8e8;border-top-width:2px;"></div></div><div class="fusion-text fusion-text-2"><p>Im Rahmen unserer Barrierefreiheitserklärung möchten wir Ihnen einen Überblick über den Stand der Vereinbarkeit der unten beschriebenen Dienstleistung(en) mit den Anforderungen der Barrierefreiheit nach gesetzlichen Vorschriften (insbesondere mit dem Barrierefreiheitsstärkungsgesetz – BFSG) geben.</p>
<h2>Angaben zum Dienstleistungserbringer</h2>
<p>Pohl OHG<br />
Ringstrasse 17<br />
84347 Pfarrkirchen<br />
Bayern</p>
<h2>Allgemeine Beschreibung der Dienstleistung</h2>
<p>Bereitstellung von Informationen zu Augenoptik und Hörakustik sowie Kontaktaufnahme über unsere Website www.pohl-optik.de für unser Geschäft in Pfarrkirchen, Bayern.</p>
<h2>Erläuterungen zur Durchführung der Dienstleistung</h2>
<p>Über unsere Website www.pohl-optik.de informieren wir über unsere Leistungen in den Bereichen Augenoptik und Hörakustik. Sie können sich über unsere Brillen-, Kontaktlinsen- und Hörgeräteangebote sowie über unsere Serviceleistungen in Pfarrkirchen informieren. Außerdem finden Sie auf der Website unsere Kontaktdaten, Öffnungszeiten und ein Kontaktformular, über das Sie direkt mit uns in Verbindung treten können.</p>
<h2>Stand der Vereinbarkeit mit den Anforderungen</h2>
<p>Die oben genannte Dienstleistung ist vollständig mit dem Barrierefreiheitsstärkungsgesetz (BFSG) vereinbar.</p>
<h2>Erstellung der Barrierefreiheitserklärung</h2>
<p>Datum der Erstellung der Barrierefreiheitserklärung: 26.06.2025<br />
Datum der letzten Überprüfung der o. g. Leistungen hinsichtlich der Anforderungen zur Barrierefreiheit: 26.06.2025</p>
<h2>Einschätzung zum Stand der Barrierefreiheit</h2>
<p>Die Einschätzung zum Stand der Barrierefreiheit beruht auf unserer Selbsteinschätzung.</p>
<h2>Feedbackmöglichkeit und Kontaktangaben</h2>
<p>Adresse:<br />
Ringstraße 17<br />
84347 Pfarrkirchen</p>
<p>E-Mail: info@pohl-optik.de</p>
<p>Telefon: 08561/6184</p>
<p>Link zur Website: <a href="https://www.pohl-optik.de">https://www.pohl-optik.de</a></p>
</div></div></div></div></div>

<!-- This site is optimized with the Yoast SEO plugin v26.8 - https://yoast.com/product/yoast-seo-wordpress/ -->
<title>Barrierefreiheitserklärung - Pohl Optik und Hörakustik</title>
<meta name="robots" content="index, follow, max-snippet:-1, max-image-preview:large, max-video-preview:-1" />
<link rel="canonical" href="https://www.pohl-optik.de/index.php/barrierefreiheitserklaerung/" />
<meta property="og:locale" content="de_DE" />
<meta property="og:type" content="article" />
<meta property="og:title" content="Barrierefreiheitserklärung - Pohl Optik und Hörakustik" />
<meta property="og:url" content="https://www.pohl-optik.de/index.php/barrierefreiheitserklaerung/" />
<meta property="og:site_name" content="Pohl Optik und Hörakustik" />
<meta property="article:modified_time" content="2026-02-12T09:26:33+00:00" />
<meta name="twitter:card" content="summary_large_image" />
<meta name="twitter:label1" content="Geschätzte Lesezeit" />
	<meta name="twitter:data1" content="2 Minuten" />
<script type="application/ld+json" class="yoast-schema-graph">{"@context":"https://schema.org","@graph":[{"@type":"WebPage","@id":"https://www.pohl-optik.de/index.php/barrierefreiheitserklaerung/","url":"https://www.pohl-optik.de/index.php/barrierefreiheitserklaerung/","name":"Barrierefreiheitserklärung - Pohl Optik und Hörakustik","isPartOf":{"@id":"https://www.pohl-optik.de/#website"},"datePublished":"2025-06-27T13:33:05+00:00","dateModified":"2026-02-12T09:26:33+00:00","breadcrumb":{"@id":"https://www.pohl-optik.de/index.php/barrierefreiheitserklaerung/#breadcrumb"},"inLanguage":"de","potentialAction":[{"@type":"ReadAction","target":["https://www.pohl-optik.de/index.php/barrierefreiheitserklaerung/"]}]},{"@type":"BreadcrumbList","@id":"https://www.pohl-optik.de/index.php/barrierefreiheitserklaerung/#breadcrumb","itemListElement":[{"@type":"ListItem","position":1,"name":"Home","item":"https://www.pohl-optik.de/"},{"@type":"ListItem","position":2,"name":"Barrierefreiheitserklärung"}]},{"@type":"WebSite","@id":"https://www.pohl-optik.de/#website","url":"https://www.pohl-optik.de/","name":"Pohl Optik und Hörakustik","description":"Optiker und Hörgeräte in Pfarrkirchen und Simbach am Inn","potentialAction":[{"@type":"SearchAction","target":{"@type":"EntryPoint","urlTemplate":"https://www.pohl-optik.de/?s={search_term_string}"},"query-input":{"@type":"PropertyValueSpecification","valueRequired":true,"valueName":"search_term_string"}}],"inLanguage":"de"}]}</script>
<!-- / Yoast SEO plugin. -->

Barrierefreiheitserklärung - Pohl Optik und Hörakustik

Pohl Optik und Hörakustik

Optiker und Hörgeräte in Pfarrkirchen und Simbach am Inn
